 c. Let u(i) = -3*j(i) + o(i). Determine u(a).
-22
Let p(q) = -q - 15. Let b(d) = 14*d + 202. Let u(f) = 14*f + 199. Let y(m) = -4*b(m) + 5*u(m). Let a be y(-14). What is p(a)?
-6
Let l(n) = 0*n + 25 - 2*n - 69 + 70. Give l(0).
26
Suppose 26*i - 26 = 24*i. Suppose 0 = 2*u + 5*y + i, u + 6 + 1 = -3*y. Let w(c) = -c + 3. What is w(u)?
7
Suppose -5*g + 10 + 8 = 2*k, 0 = 3*g - 5*k + 14. Let a(s) = -12 + 2*s**3 - 5 - s + 19 - s**g. Calculate a(-2).
-16
Suppose 41*j - 10*j - 11749 = 0. Suppose -79 = -30*v - j. Let k(w) = w + 10. Determine k(v).
0
Let f(c) = 7*c**2 - 31*c - 13. Suppose -50*w = -114*w + 320. Calculate f(w).
7
Suppose s + 13*j = 8*j - 5, 0 = 2*s + 4*j - 2. Suppose -s*g + 666 = 651. Let v(w) = -w**2 + 3*w + 6. What is v(g)?
6
Let r(m) be the second derivative of -m**4/6 + 2*m**3/3 - 3*m**2/2 + m. Let f = 8020 + -8017. Determine r(f).
-9
Let g(p) = -4683 + 65*p + 8585 - 4352. Determine g(7).
5
Let t(y) = 2*y**2 + 9024*y - 3*y**2 - 9037*y - 4 - 3. Calculate t(-4).
29
Let j(a) = 2 + 385*a**3 - 682*a**3 - 2*a + 298*a**3. Give j(0).
2
Let d(z) be the second derivative of 25*z**3/3 + z**2/2 + 2*z + 1756. Calculate d(-1).
-49
Let s(k) be the second derivative of -3/2*k**2 - 1/6*k**3 - k + 0. Let u = -1309763 - -1309755. Calculate s(u).
5
Let j be -1 + -2 + 3 - -1. Let w(l) = -1 - j - 6*l + 19*l. Let t = 231828 + -231826. What is w(t)?
24
Let j(h) = h**2 - 16*h - 26. Let l(x) = 68*x + 3893. Let t be l(-57). Give j(t).
-9
Suppose 0*n = -3*n + 15. Let o(v) = 2*v**2 - 4*v + 6*v**2 + 4*v**2 + 7*v - 12*v**2 - v**2. Determine o(n).
-10
Suppose 22*s - 8 = 20*s. Let j(o) be the third derivative of 0 + 0*o**3 + 19*o**2 + 1/8*o**4 - 1/60*o**5 + 0*o. Calculate j(s).
-4
Let p(i) = -3*i**2 + 11*i - 3. Let z = -1782 + 1788. Give p(z).
-45
Let n(x) = -2*x**2 - 70*x - 57. Let r be n(-30). Let g(h) = 244*h**2 + 11*h - r*h**2 + 11*h + 17 - 5*h. Determine g(-16).
1
Let a(l) = -l**2 - 39*l - 135. Let o(n) = -2*n**3 + 3*n**2 + 153*n + 4. Let p be o(-8). Calculate a(p).
5
Let z(h) = -13*h**2 + 6*h + 7. Suppose 3*b = 23*s - 27*s + 18, 0 = -4*s. Let a(v) = -11*v**2 + 6*v + 5. Let w(q) = b*a(q) - 5*z(q). Give w(3).
4
Let u(y) = 9*y - 2*y**2 + y - 8*y**2 + 0*y + 10 + 11*y**2. Determine u(-7).
-11
Suppose 0*w + 5 = -5*w. Suppose 56 = 16*y - 2*y. Let m(s) = 11*s + 7 - 4 - 13*s - y. Give m(w).
1
Let j(h) = -h**3 + 8*h**2 - 12*h - 7. Let k be j(3). Let f(l) = 62*l**2 + 9*l + 59*l**k - 122*l**2 - 13. Calculate f(9).
-13
Let k = 249 - 246. Let h(n) = -n + 2*n + n**k - 2*n**2 + 5*n**2 - 8*n**2 - 7. Determine h(5).
-2
Let p(q) be the third derivative of -1/24*q**4 - 283*q + 0 + q**2 + 1/3*q**3. Determine p(1).
1
Let w(s) = 2*s**2 + s + 2. Let h = 68 - 50. Suppose 5*t + 4*t + h = 0. Determine w(t).
8
Let h(n) = 36*n - 9. Let l(b) = -9*b + 1. Let f(g) = h(g) + 3*l(g). Give f(11).
93
Suppose 5*i + 24 = 3*i. Let g be (3/4)/(i/(-48)). Let l = -3 - g. Let y(f) = -f - 11. Calculate y(l).
-5
Let t = -36 + 41. Suppose 4*f + 72 = -5*h, t*h + 3*f + 48 = 7*f. Let q(s) = -s - 6. Determine q(h).
6
Suppose 0 = -4*p + 12*p - 32. Suppose p*z + 16 = 4*w, -2*z + 8 = w + z. Let r(l) = -l**2 + 4*l - 2. Calculate r(w).
-7
Let t(c) = c**3 + 5*c**2 - 2*c + 7. Let y(q) = -50 - 3*q - 18 + 0. Let a be y(-21). Calculate t(a).
17
Let q(u) be the third derivative of u**8/6720 + u**7/2520 + u**5/30 + 17*u**4/8 - 66*u**2. Let w(s) be the second derivative of q(s). What is w(-3)?
-14
Let l(g) = -g**3 + 6*g**2 + 21*g - 17. Suppose -88 = m - 2*m - 10*m. What is l(m)?
23
Let o(k) = -k**2 - 9*k + 11. Suppose -5*m + 29 = 2*r + 2, m = -4*r + 9. Give o(m).
-59
Let o(y) = -105*y - 631. Suppose 0 = 4*l + 5*n - 21, -45*n + 48*n - 57 = 5*l. Determine o(l).
-1
Let c(q) be the second derivative of 0*q**3 + 10/3*q**4 + 0*q**2 - 1/720*q**6 + 1/40*q**5 + 0 + 14*q. Let s(w) be the third derivative of c(w). Determine s(4).
-1
Let m be 9/12*(-92)/69. Let h be m/((-3)/9*2)*2. Let v(k) = k**2 - 7*k + 11. What is v(h)?
-1
Let q(c) = 89*c + 27. Let a(l) = -116*l - 26. Let x(z) = 2*a(z) + 3*q(z). Calculate x(-1).
-6
Let y(s) be the third derivative of -7*s**2 - 1/2*s**3 + 0*s + 0 - 1/12*s**4. Give y(-7).
11
Let b(v) be the second derivative of 2*v**4/3 + 2*v**3/3 + 2*v**2 + 2*v - 957. Calculate b(-2).
28
Let s(z) = 41*z**3 + 2*z**2 + 40*z + 3. Let n(t) = -8*t**3 - t**2 - 8*t. Let h(j) = 5*n(j) + s(j). Let m = 0 + 3. Calculate h(m).
3
Let w(g) = 5*g - 4. Let d(k) = 30*k - 26. Let r(q) = 6*d(q) - 39*w(q). Suppose i = -3*i. Suppose i = -6*s + 9*s + 3. Determine r(s).
15
Let k = 1703 - 1709. Let u(p) be the first derivative of -p**5/60 - p**4/6 + p**3 + p**2 - 3. Let w(m) be the second derivative of u(m). Determine w(k).
-6
Let i(t) = -t**2 - 8*t + 9. Let g(q) = -4*q**2 - 38*q + 46. Let p(u) = -2*g(u) + 11*i(u). Let k(x) = 2*x**2 + 10*x - 6. Let n(r) = 6*k(r) + 5*p(r). Give n(-1).
-4
Let n(t) = -7. Let j(z) be the first derivative of -z**2/2 - z + 118. Let i = -2 + 4. Let b(o) = i*j(o) - n(o). Determine b(-5).
15
Let h(z) = 15439 - 15405 + 5*z + z. Determine h(-7).
-8
Let a(m) = -m**2 - 1585*m + 7947. Let o be a(5). Let u(q) = 3*q**2 + 1 - q - 5*q**2 - 3*q. Give u(o).
-5
Let g be (-18)/39 - (-13)/((-507)/255). Let q(i) = -2 - 6 - 5*i + 4*i. Determine q(g).
-1
Let g(o) be the first derivative of -o**4/12 + 11*o**3/6 - 7*o**2 - 188*o + 186. Let w(s) be the first derivative of g(s). What is w(8)?
10
Suppose 0 = 2*r - r. Let z be (6/(-7))/(-3 + 328/112). Let c(i) = r*i**2 + 2*i + z - i**2 - 18. What is c(5)?
-21
Let l(k) = -2*k**3 - 8*k**2 + 6*k - 32. Let d be l(-5). Let b(o) = -17*o - 194. Determine b(d).
10
Let l(k) = -k**3 + 6*k**2 - 8*k - 5. Let a(m) = m**3 - 57*m**2 + 162*m + 5. Let t be a(54). Calculate l(t).
-20
Let u(q) = -q - 2. Suppose 0 = -5*o + 2*t + 92, -2*o + 36 = -t - 0*t. Suppose o = 4*m + d, 4*d = 3*m + d. Suppose p + m*p = -15. Give u(p).
1
Let r(g) = 4*g + 22. Suppose -34*o = -260*o + 15*o - 1055. What is r(o)?
2
Let c(k) be the first derivative of k**3/3 + 3*k**2/2 - 1. Suppose f + 4 = 3*f. Suppose -2*a - 13 = -a + 2*i, 14 = -f*a - i. Give c(a).
10
Let i = -42619 + 511429/12. Let l(c) be the second derivative of -i*c**4 - 2/3*c**3 + 0 + 46*c + 2*c**2. Calculate l(-6).
-8
Let f(l) = 10*l + 61. Suppose -707 = 4*a + 15*a - 479. Calculate f(a).
-59
Suppose 36*n - 130 = 10*n. Let x(v) = 11 + 9*v - 15 - 15 - 27. Let r be x(n). Let d(u) = -u - 2. Calculate d(r).
-1
Suppose -n - 57 = -246. Let o be 4/18 - (-903)/n. Let g(h) = -h**3 + 4*h**2 + 2*h + 6. What is g(o)?
-9
Suppose 0*l = 2*l - n - 4, -4*l = 2*n - 16. Let y(a) = 5*a - 4*a - 5*a**2 - 5*a + l + 6*a**2. Let i(m) = m**2 + 12*m + 16. Let q be i(-11). Give y(q).
8
Let r(v) = v**2 + 4*v - 1. Let i(j) = 3*j**2 + 8*j - 2. Let h = -45 + 43. Let y(c) = h*i(c) + 5*r(c). Suppose -9*l = -5*l - 20. What is y(l)?
-6
Let g(p) = 2*p + 28. Let c be g(-4). Suppose 4*b - 4*z - 20 = 0, 8*z - c = -4*b + 13*z. Let k(t) = t - 4. Give k(b).
1
Let w(g) = -3*g**2 + 33*g - 10. Let m = -5981 + 5992. Calculate w(m).
-10
Suppose -12*o = -3*o - 18. Let s(r) = -r - 3*r**2 + 2 - 8*r**o + 9*r**2 - 2 - 4. Calculate s(3).
-25
Suppose -y - 10 = -3*y + 4*z, 15 = 3*y + 2*z. Let b be y/((-45)/(-66)) + (-6)/(-9). Let t(q) be the first derivative of q**2 - 12*q + 52. Calculate t(b).
4
Let g(q) = -3*q + 10. Let s(n) = n. Let v(h) = -7*h. Let z(t) = -6*s(t) - v(t). Let p(x) = -g(x) - 2*z(x). Determine p(12).
2
Let q be (-18)/(-5)*68/(-153)*15. Let p(d) = -d**3 - 25*d**2 - 20*d + 102. Calculate p(q).
6
Let h(x) be the third derivative of -1/120*x**6 + 2*x**2 + 1/60*x**5 - 4/3*x**3 + 0*x**4 + 13 + 0*x. Determine h(0).
-8
Suppose -4 - 4 = 4*p, 5*p + 4 = -3*d. Let w be -1 - d/3*6. Let y(o) = -8*o**2 + 10*o**2 - 2 + 2207*o**3 - 7*o**2 - 2208*o**3. Give y(w).
-2
Let t(k) = 43*k**2 - 23. Let s(m) = -122*m**2 + m + 66. Let u(r) = 6*s(r) + 17*t(r). Calculate u(12).
-67
Suppose q + 0 = -f + 5, 10 = 5*q + 2*f. Let i = 53 + -57. Let h be (5 + i)*(-1 + q). Let p(m) = 4*m + 1. Determine p(h).
-3
Let a(c) = -1144*c - 9 + 7 + 1129*c + 2*c**2 + c**2. What is a(5)?
-2
Let v(n) = -7*n + 18*n**2 - 584 + 596 - 17*n**2. Calculate v(6).
6
Let a be 1/(3/(-10))*(-126)/70. Let f(o) = o**3 - 2*o**2 - a*o + 0 - 7 + 0 + 7*o**2. Suppose 2*x + 4 = 0, 3*r = -0*r - 5*x - 28. Calculate f(r).
-7
Let f(o) = o**3 - 15*o**2 - 18*o + 7. Let m = -14